{"id":26488,"date":"2026-03-02T11:39:08","date_gmt":"2026-03-02T10:39:08","guid":{"rendered":"https:\/\/selectiva.estate\/properties\/apartment-mijas-r5062219\/"},"modified":"2026-04-13T17:15:46","modified_gmt":"2026-04-13T15:15:46","slug":"apartment-mijas-r5062219","status":"publish","type":"properties","link":"https:\/\/selectiva.estate\/es\/properties\/apartment-mijas-r5062219\/","title":{"rendered":"Mijas"},"content":{"rendered":"<p>M\u00e1s que un apartamento, un nuevo estilo de vida en Mijas<br \/>\nDescubra una nueva promoci\u00f3n residencial en Las Lagunas de Mijas, ubicada en un entorno din\u00e1mico, moderno y perfectamente conectado.<br \/>\nA menos de 5 minutos de las principales zonas comerciales, rodeada de campos de golf y a solo 2 km de la playa, la promoci\u00f3n disfruta de una ubicaci\u00f3n estrat\u00e9gica en la Costa del Sol. Transporte p\u00fablico, servicios, colegios y comercios se encuentran a pocos minutos.<br \/>\nSituada en una zona residencial consolidada, la residencia ofrece infraestructuras modernas, zonas verdes y una alta demanda de alquiler. Una oportunidad ideal como vivienda habitual, segunda residencia o inversi\u00f3n segura.<br \/>\nLas zonas comunes han sido dise\u00f1adas para el confort y el bienestar. Los interiores, contempor\u00e1neos y luminosos, cuentan con espacios abiertos y amplias terrazas que ampl\u00edan la zona de estar, permitiendo disfrutar del clima mediterr\u00e1neo durante todo el a\u00f1o.<br \/>\nCont\u00e1cteme para recibir planos, precios y disponibilidad.<\/p>","protected":false},"featured_media":26022,"template":"","location":[370],"property_type":[196],"bedroom":[],"price":[359],"feature":[530,535,474,466,398,488,414,435,391,440,445,438,404,415,428,495,427,420,405,417,402,409,439,464,444,455,482,513,469,403,426,406,499,429,446,436,491],"class_list":["post-26488","properties","type-properties","status-publish","has-post-thumbnail","hentry","location-mijas","property_type-apartment","price-0-300000","feature-fiber-optic","feature-wifi","feature-24-hour-reception","feature-24-hour-security","feature-air-conditioning","feature-bar","feature-barbeque","feature-close-to-schools","feature-close-to-shops","feature-cold-a-c","feature-communal-garden","feature-communal-pool","feature-covered-terrace","feature-double-glazing","feature-drinkable-water","feature-east","feature-electricity","feature-entry-phone","feature-fitted-wardrobes","feature-fully-fitted-kitchen","feature-garden-views","feature-gym","feature-hot-a-c","feature-landscaped-garden","feature-lift","feature-near-transport","feature-new-construction","feature-new-development","feature-not-furnished","feature-pool-views","feature-private-parking","feature-private-terrace","feature-street-views","feature-telephone","feature-underground-parking","feature-urbanisation","feature-west"],"acf":[],"_links":{"self":[{"href":"https:\/\/selectiva.estate\/es\/wp-json\/wp\/v2\/properties\/26488","targetHints":{"allow":["GET"]}}],"collection":[{"href":"https:\/\/selectiva.estate\/es\/wp-json\/wp\/v2\/properties"}],"about":[{"href":"https:\/\/selectiva.estate\/es\/wp-json\/wp\/v2\/types\/properties"}],"wp:featuredmedia":[{"embeddable":true,"href":"https:\/\/selectiva.estate\/es\/wp-json\/wp\/v2\/media\/26022"}],"wp:attachment":[{"href":"https:\/\/selectiva.estate\/es\/wp-json\/wp\/v2\/media?parent=26488"}],"wp:term":[{"taxonomy":"location","embeddable":true,"href":"https:\/\/selectiva.estate\/es\/wp-json\/wp\/v2\/location?post=26488"},{"taxonomy":"property_type","embeddable":true,"href":"https:\/\/selectiva.estate\/es\/wp-json\/wp\/v2\/property_type?post=26488"},{"taxonomy":"bedroom","embeddable":true,"href":"https:\/\/selectiva.estate\/es\/wp-json\/wp\/v2\/bedroom?post=26488"},{"taxonomy":"price","embeddable":true,"href":"https:\/\/selectiva.estate\/es\/wp-json\/wp\/v2\/price?post=26488"},{"taxonomy":"feature","embeddable":true,"href":"https:\/\/selectiva.estate\/es\/wp-json\/wp\/v2\/feature?post=26488"}],"curies":[{"name":"wp","href":"https:\/\/api.w.org\/{rel}","templated":true}]}}

<p>Más que un apartamento, un nuevo estilo de vida en Mijas<br />
Descubra una nueva promoción residencial en Las Lagunas de Mijas, ubicada en un entorno dinámico, moderno y perfectamente conectado.<br />
A menos de 5 minutos de las principales zonas comerciales, rodeada de campos de golf y a solo 2 km de la playa, la promoción disfruta de una ubicación estratégica en la Costa del Sol. Transporte público, servicios, colegios y comercios se encuentran a pocos minutos.<br />
Situada en una zona residencial consolidada, la residencia ofrece infraestructuras modernas, zonas verdes y una alta demanda de alquiler. Una oportunidad ideal como vivienda habitual, segunda residencia o inversión segura.<br />
Las zonas comunes han sido diseñadas para el confort y el bienestar. Los interiores, contemporáneos y luminosos, cuentan con espacios abiertos y amplias terrazas que amplían la zona de estar, permitiendo disfrutar del clima mediterráneo durante todo el año.<br />
Contácteme para recibir planos, precios y disponibilidad.</p>
