{"id":29269,"date":"2026-09-01T23:52:44","date_gmt":"2026-09-01T21:52:44","guid":{"rendered":"https:\/\/selectiva.estate\/?post_type=properties&#038;p=29269"},"modified":"2026-09-02T00:16:49","modified_gmt":"2026-09-01T22:16:49","slug":"puerto-banus-apartment-middle-floor-apartment-r5473465","status":"publish","type":"properties","link":"https:\/\/selectiva.estate\/es\/properties\/puerto-banus-apartment-middle-floor-apartment-r5473465\/","title":{"rendered":"Puerto Ban\u00fas"},"content":{"rendered":"<p><\/p>\n<p>Apartamento frente al mar en Puerto Ban\u00fas \u2013 gran potencial de rentabilidad<br \/>\nSituado frente a la playa y al mar, en el coraz\u00f3n de Puerto Ban\u00fas, este apartamento representa una excelente oportunidad de inversi\u00f3n.<br \/>\nLa propiedad necesita una reforma integral para convertirse en una vivienda confortable, ideal para vivir todo el a\u00f1o, utilizarla como segunda residencia o alquilarla durante los periodos de mayor demanda.<br \/>\nLa licencia tur\u00edstica est\u00e1 autorizada por la comunidad de propietarios desde mayo de 2026, lo que refuerza considerablemente su potencial de alquiler.<br \/>\n\u00bfPor qu\u00e9 invertir en esta propiedad?<\/p>\n<p>Ubicaci\u00f3n excepcional frente a la playa y al mar<br \/>\nPosibilidad de crear dos dormitorios y un ba\u00f1o<br \/>\nGran demanda de alquileres de corta duraci\u00f3n en Puerto Ban\u00fas<br \/>\nExcelente potencial de revalorizaci\u00f3n tras la reforma<br \/>\nPosibilidad de obtener ingresos por alquiler y disfrutar personalmente de la vivienda<br \/>\nProducto ideal para una futura reventa tras la reforma<\/p>\n<p>Estimaci\u00f3n de la reforma<br \/>\nEl presupuesto estimado de la reforma se sit\u00faa entre 50.000 y 90.000 \u20ac, seg\u00fan la distribuci\u00f3n elegida y el nivel de acabados, sin incluir el mobiliario ni los honorarios del arquitecto.<br \/>\n\u00bfBusca una propiedad con un gran potencial, una rentabilidad atractiva y la posibilidad de comenzar a alquilarla a partir de abril de 2027? Este apartamento merece toda su atenci\u00f3n.<\/p>\n<p><\/p>","protected":false},"featured_media":29387,"template":"","location":[],"property_type":[196],"bedroom":[240],"price":[],"feature":[521,398,430,470,432,392,391,434,472,404,495,420,496,441,405,476,449,511,455,505,510,406,450],"class_list":["post-29269","properties","type-properties","status-publish","has-post-thumbnail","hentry","property_type-apartment","bedroom-240","feature-renovation-required","feature-air-conditioning","feature-bargain","feature-beachfront","feature-beachside","feature-close-to-sea","feature-close-to-shops","feature-close-to-town","feature-commercial-area","feature-covered-terrace","feature-east","feature-entry-phone","feature-fair","feature-fireplace","feature-fitted-wardrobes","feature-front-line-beach-complex","feature-investment","feature-marina","feature-near-transport","feature-part-furnished","feature-port","feature-private-terrace","feature-resale"],"acf":[],"_links":{"self":[{"href":"https:\/\/selectiva.estate\/es\/wp-json\/wp\/v2\/properties\/29269","targetHints":{"allow":["GET"]}}],"collection":[{"href":"https:\/\/selectiva.estate\/es\/wp-json\/wp\/v2\/properties"}],"about":[{"href":"https:\/\/selectiva.estate\/es\/wp-json\/wp\/v2\/types\/properties"}],"wp:featuredmedia":[{"embeddable":true,"href":"https:\/\/selectiva.estate\/es\/wp-json\/wp\/v2\/media\/29387"}],"wp:attachment":[{"href":"https:\/\/selectiva.estate\/es\/wp-json\/wp\/v2\/media?parent=29269"}],"wp:term":[{"taxonomy":"location","embeddable":true,"href":"https:\/\/selectiva.estate\/es\/wp-json\/wp\/v2\/location?post=29269"},{"taxonomy":"property_type","embeddable":true,"href":"https:\/\/selectiva.estate\/es\/wp-json\/wp\/v2\/property_type?post=29269"},{"taxonomy":"bedroom","embeddable":true,"href":"https:\/\/selectiva.estate\/es\/wp-json\/wp\/v2\/bedroom?post=29269"},{"taxonomy":"price","embeddable":true,"href":"https:\/\/selectiva.estate\/es\/wp-json\/wp\/v2\/price?post=29269"},{"taxonomy":"feature","embeddable":true,"href":"https:\/\/selectiva.estate\/es\/wp-json\/wp\/v2\/feature?post=29269"}],"curies":[{"name":"wp","href":"https:\/\/api.w.org\/{rel}","templated":true}]}}

Puerto Banús

<p></p>
<p>Apartamento frente al mar en Puerto Banús – gran potencial de rentabilidad<br />
Situado frente a la playa y al mar, en el corazón de Puerto Banús, este apartamento representa una excelente oportunidad de inversión.<br />
La propiedad necesita una reforma integral para convertirse en una vivienda confortable, ideal para vivir todo el año, utilizarla como segunda residencia o alquilarla durante los periodos de mayor demanda.<br />
La licencia turística está autorizada por la comunidad de propietarios desde mayo de 2026, lo que refuerza considerablemente su potencial de alquiler.<br />
¿Por qué invertir en esta propiedad?</p>
<p>Ubicación excepcional frente a la playa y al mar<br />
Posibilidad de crear dos dormitorios y un baño<br />
Gran demanda de alquileres de corta duración en Puerto Banús<br />
Excelente potencial de revalorización tras la reforma<br />
Posibilidad de obtener ingresos por alquiler y disfrutar personalmente de la vivienda<br />
Producto ideal para una futura reventa tras la reforma</p>
<p>Estimación de la reforma<br />
El presupuesto estimado de la reforma se sitúa entre 50.000 y 90.000 €, según la distribución elegida y el nivel de acabados, sin incluir el mobiliario ni los honorarios del arquitecto.<br />
¿Busca una propiedad con un gran potencial, una rentabilidad atractiva y la posibilidad de comenzar a alquilarla a partir de abril de 2027? Este apartamento merece toda su atención.</p>
<p></p>
